{"id":648,"date":"2025-02-20T13:35:19","date_gmt":"2025-02-20T12:35:19","guid":{"rendered":"https:\/\/volleyball-lisieux.fr\/?page_id=648"},"modified":"2025-07-16T15:48:30","modified_gmt":"2025-07-16T13:48:30","slug":"inscription","status":"publish","type":"page","link":"https:\/\/volleyball-lisieux.fr\/?page_id=648","title":{"rendered":"Inscription"},"content":{"rendered":"\t\t<div data-elementor-type=\"wp-page\" data-elementor-id=\"648\" class=\"elementor elementor-648\">\n\t\t\t\t\t\t\t\t\t<section class=\"elementor-section elementor-top-section elementor-element elementor-element-13e7933 elementor-section-boxed elementor-section-height-default elementor-section-height-default wpr-particle-no wpr-jarallax-no wpr-parallax-no wpr-sticky-section-no\" data-id=\"13e7933\" data-element_type=\"section\">\n\t\t\t\t\t\t<div class=\"elementor-container elementor-column-gap-default\">\n\t\t\t\t\t<div class=\"elementor-column elementor-col-100 elementor-top-column elementor-element elementor-element-94fc22a\" data-id=\"94fc22a\" data-element_type=\"column\">\n\t\t\t<div class=\"elementor-widget-wrap elementor-element-populated\">\n\t\t\t\t\t\t\t\t<div class=\"elementor-element elementor-element-d9b7dfe elementor-invisible elementor-widget elementor-widget-heading\" data-id=\"d9b7dfe\" data-element_type=\"widget\" data-settings=\"{&quot;_animation&quot;:&quot;fadeInUp&quot;}\" data-widget_type=\"heading.default\">\n\t\t\t\t<div class=\"elementor-widget-container\">\n\t\t\t<style>\/*! elementor - v3.13.1 - 09-05-2023 *\/\n.elementor-heading-title{padding:0;margin:0;line-height:1}.elementor-widget-heading .elementor-heading-title[class*=elementor-size-]>a{color:inherit;font-size:inherit;line-height:inherit}.elementor-widget-heading .elementor-heading-title.elementor-size-small{font-size:15px}.elementor-widget-heading .elementor-heading-title.elementor-size-medium{font-size:19px}.elementor-widget-heading .elementor-heading-title.elementor-size-large{font-size:29px}.elementor-widget-heading .elementor-heading-title.elementor-size-xl{font-size:39px}.elementor-widget-heading .elementor-heading-title.elementor-size-xxl{font-size:59px}<\/style><h2 class=\"elementor-heading-title elementor-size-xl\">Inscriptions 2024-2025<\/h2>\t\t<\/div>\n\t\t\t\t<\/div>\n\t\t\t\t\t<\/div>\n\t\t<\/div>\n\t\t\t\t\t\t\t<\/div>\n\t\t<\/section>\n\t\t\t\t<section class=\"elementor-section elementor-top-section elementor-element elementor-element-bdcdca4 elementor-section-boxed elementor-section-height-default elementor-section-height-default wpr-particle-no wpr-jarallax-no wpr-parallax-no wpr-sticky-section-no\" data-id=\"bdcdca4\" data-element_type=\"section\">\n\t\t\t\t\t\t<div class=\"elementor-container elementor-column-gap-default\">\n\t\t\t\t\t<div class=\"elementor-column elementor-col-100 elementor-top-column elementor-element elementor-element-4aff3ab\" data-id=\"4aff3ab\" data-element_type=\"column\">\n\t\t\t<div class=\"elementor-widget-wrap elementor-element-populated\">\n\t\t\t\t\t\t\t\t<div class=\"elementor-element elementor-element-72013c6 elementor-widget elementor-widget-text-editor\" data-id=\"72013c6\" data-element_type=\"widget\" data-widget_type=\"text-editor.default\">\n\t\t\t\t<div class=\"elementor-widget-container\">\n\t\t\t<style>\/*! elementor - v3.13.1 - 09-05-2023 *\/\n.elementor-widget-text-editor.elementor-drop-cap-view-stacked .elementor-drop-cap{background-color:#69727d;color:#fff}.elementor-widget-text-editor.elementor-drop-cap-view-framed .elementor-drop-cap{color:#69727d;border:3px solid;background-color:transparent}.elementor-widget-text-editor:not(.elementor-drop-cap-view-default) .elementor-drop-cap{margin-top:8px}.elementor-widget-text-editor:not(.elementor-drop-cap-view-default) .elementor-drop-cap-letter{width:1em;height:1em}.elementor-widget-text-editor .elementor-drop-cap{float:left;text-align:center;line-height:1;font-size:50px}.elementor-widget-text-editor .elementor-drop-cap-letter{display:inline-block}<\/style>\t\t\t\t<p>Retrouvez ici les modalit\u00e9s d&rsquo;inscription au club ainsi que les documents \u00e0 remplir<\/p>\t\t\t\t\t\t<\/div>\n\t\t\t\t<\/div>\n\t\t\t\t\t<\/div>\n\t\t<\/div>\n\t\t\t\t\t\t\t<\/div>\n\t\t<\/section>\n\t\t\t\t<section class=\"elementor-section elementor-top-section elementor-element elementor-element-2862576 elementor-section-boxed elementor-section-height-default elementor-section-height-default wpr-particle-no wpr-jarallax-no wpr-parallax-no wpr-sticky-section-no\" data-id=\"2862576\" data-element_type=\"section\">\n\t\t\t\t\t\t<div class=\"elementor-container elementor-column-gap-default\">\n\t\t\t\t\t<div class=\"elementor-column elementor-col-50 elementor-top-column elementor-element elementor-element-1bca52f\" data-id=\"1bca52f\" data-element_type=\"column\">\n\t\t\t<div class=\"elementor-widget-wrap elementor-element-populated\">\n\t\t\t\t\t\t\t\t<div class=\"elementor-element elementor-element-d22a503 elementor-widget elementor-widget-text-editor\" data-id=\"d22a503\" data-element_type=\"widget\" data-widget_type=\"text-editor.default\">\n\t\t\t\t<div class=\"elementor-widget-container\">\n\t\t\t\t\t\t\t<p><span style=\"font-weight: var( --e-global-typography-text-font-weight );\">Vous avez la possibilit\u00e9 de faire 2 s\u00e9ances d&rsquo;essai avant de vous inscrire. L&rsquo;inscription est possible tout au long de l&rsquo;ann\u00e9e.<\/span><\/p><p>Il faudra par la suite nous transmettre tous ces documents, soit lors d&rsquo;un entra\u00eenement, soit par mail :<\/p><p>&#8211; Le\u00a0<b>formulaire de licence<\/b>\u00a0\u00e0 compl\u00e9ter, dater et signer.<\/p><p>&#8211; Un\u00a0<b>certificat m\u00e9dical<\/b>\u00a0<b>d\u00e9livr\u00e9 par votre m\u00e9decin.<\/b><\/p><p>&#8211; Une photocopie recto-verso de votre\u00a0<b>carte d&rsquo;identit\u00e9<\/b>.<\/p><p>&#8211; Une\u00a0<b>photo d&rsquo;identit\u00e9<\/b>.<\/p><p>&#8211; Un<b>\u00a0ch\u00e8que\u00a0<\/b>\u00e0 l&rsquo;ordre du<b>\u00a0VBCAL<\/b>\u00a0en fonction de votre cat\u00e9gorie.<\/p><p>&#8211; Le document \u00ab\u00a0<b>refus_diffusion_images.pdf<\/b>\u00a0\u00bb si vous n&rsquo;autorisez pas le club \u00e0 utiliser votre image dans le cadre des diff\u00e9rentes manifestations. La non-remise de ce document dans le dossier d&rsquo;inscription implique votre accord.<\/p><p>Pour r\u00e9cup\u00e9rer ces documents, merci de vous rapprocher du r\u00e9f\u00e9rent lors des entra\u00eenements.<\/p>\t\t\t\t\t\t<\/div>\n\t\t\t\t<\/div>\n\t\t\t\t\t<\/div>\n\t\t<\/div>\n\t\t\t\t<div class=\"elementor-column elementor-col-50 elementor-top-column elementor-element elementor-element-0ce9d1d\" data-id=\"0ce9d1d\" data-element_type=\"column\">\n\t\t\t<div class=\"elementor-widget-wrap elementor-element-populated\">\n\t\t\t\t\t\t\t\t<div class=\"elementor-element elementor-element-25dd6bf elementor-widget elementor-widget-image\" data-id=\"25dd6bf\" data-element_type=\"widget\" data-widget_type=\"image.default\">\n\t\t\t\t<div class=\"elementor-widget-container\">\n\t\t\t<style>\/*! elementor - v3.13.1 - 09-05-2023 *\/\n.elementor-widget-image{text-align:center}.elementor-widget-image a{display:inline-block}.elementor-widget-image a img[src$=\".svg\"]{width:48px}.elementor-widget-image img{vertical-align:middle;display:inline-block}<\/style>\t\t\t\t\t\t\t\t\t\t\t\t<img loading=\"lazy\" decoding=\"async\" width=\"819\" height=\"1024\" src=\"https:\/\/volleyball-lisieux.fr\/wp-content\/uploads\/2025\/07\/Categorie-819x1024.png\" class=\"attachment-large size-large wp-image-915\" alt=\"\" srcset=\"https:\/\/volleyball-lisieux.fr\/wp-content\/uploads\/2025\/07\/Categorie-819x1024.png 819w, https:\/\/volleyball-lisieux.fr\/wp-content\/uploads\/2025\/07\/Categorie-240x300.png 240w, https:\/\/volleyball-lisieux.fr\/wp-content\/uploads\/2025\/07\/Categorie-768x960.png 768w, https:\/\/volleyball-lisieux.fr\/wp-content\/uploads\/2025\/07\/Categorie.png 1080w\" sizes=\"auto, (max-width: 819px) 100vw, 819px\" \/>\t\t\t\t\t\t\t\t\t\t\t\t\t\t\t<\/div>\n\t\t\t\t<\/div>\n\t\t\t\t\t<\/div>\n\t\t<\/div>\n\t\t\t\t\t\t\t<\/div>\n\t\t<\/section>\n\t\t\t\t<section class=\"elementor-section elementor-top-section elementor-element elementor-element-126712b elementor-section-boxed elementor-section-height-default elementor-section-height-default wpr-particle-no wpr-jarallax-no wpr-parallax-no wpr-sticky-section-no\" data-id=\"126712b\" data-element_type=\"section\">\n\t\t\t\t\t\t<div class=\"elementor-container elementor-column-gap-default\">\n\t\t\t\t\t<div class=\"elementor-column elementor-col-100 elementor-top-column elementor-element elementor-element-d22d12a\" data-id=\"d22d12a\" data-element_type=\"column\">\n\t\t\t<div class=\"elementor-widget-wrap\">\n\t\t\t\t\t\t\t\t\t<\/div>\n\t\t<\/div>\n\t\t\t\t\t\t\t<\/div>\n\t\t<\/section>\n\t\t\t\t\t\t\t<\/div>\n\t\t","protected":false},"excerpt":{"rendered":"<p>Inscriptions 2024-2025 Retrouvez ici les modalit\u00e9s d&rsquo;inscription au club ainsi que les documents \u00e0 remplir Vous avez la possibilit\u00e9 de faire 2 s\u00e9ances d&rsquo;essai avant de vous inscrire. L&rsquo;inscription est possible tout au long de l&rsquo;ann\u00e9e. Il faudra par la suite nous transmettre tous ces documents, soit lors d&rsquo;un entra\u00eenement, soit par mail : &#8211; Le\u00a0formulaire de licence\u00a0\u00e0 compl\u00e9ter, dater et signer. &#8211; Un\u00a0certificat m\u00e9dical\u00a0d\u00e9livr\u00e9 par votre m\u00e9decin. &#8211; Une photocopie recto-verso de votre\u00a0carte d&rsquo;identit\u00e9. &#8211; Une\u00a0photo d&rsquo;identit\u00e9. &#8211; Un\u00a0ch\u00e8que\u00a0\u00e0 l&rsquo;ordre du\u00a0VBCAL\u00a0en fonction de votre cat\u00e9gorie. &#8211; Le document \u00ab\u00a0refus_diffusion_images.pdf\u00a0\u00bb si vous n&rsquo;autorisez pas le club \u00e0 utiliser votre image dans le cadre des diff\u00e9rentes manifestations. La non-remise de ce document dans le dossier d&rsquo;inscription implique votre accord. Pour r\u00e9cup\u00e9rer ces documents, merci de vous rapprocher du r\u00e9f\u00e9rent lors des entra\u00eenements.<\/p>\n","protected":false},"author":2,"featured_media":0,"parent":0,"menu_order":0,"comment_status":"closed","ping_status":"closed","template":"","meta":{"_kad_post_transparent":"","_kad_post_title":"hide","_kad_post_layout":"fullwidth","_kad_post_sidebar_id":"","_kad_post_content_style":"unboxed","_kad_post_vertical_padding":"hide","_kad_post_feature":"hide","_kad_post_feature_position":"","_kad_post_header":false,"_kad_post_footer":false,"footnotes":""},"class_list":["post-648","page","type-page","status-publish","hentry"],"_links":{"self":[{"href":"https:\/\/volleyball-lisieux.fr\/index.php?rest_route=\/wp\/v2\/pages\/648","targetHints":{"allow":["GET"]}}],"collection":[{"href":"https:\/\/volleyball-lisieux.fr\/index.php?rest_route=\/wp\/v2\/pages"}],"about":[{"href":"https:\/\/volleyball-lisieux.fr\/index.php?rest_route=\/wp\/v2\/types\/page"}],"author":[{"embeddable":true,"href":"https:\/\/volleyball-lisieux.fr\/index.php?rest_route=\/wp\/v2\/users\/2"}],"replies":[{"embeddable":true,"href":"https:\/\/volleyball-lisieux.fr\/index.php?rest_route=%2Fwp%2Fv2%2Fcomments&post=648"}],"version-history":[{"count":26,"href":"https:\/\/volleyball-lisieux.fr\/index.php?rest_route=\/wp\/v2\/pages\/648\/revisions"}],"predecessor-version":[{"id":924,"href":"https:\/\/volleyball-lisieux.fr\/index.php?rest_route=\/wp\/v2\/pages\/648\/revisions\/924"}],"wp:attachment":[{"href":"https:\/\/volleyball-lisieux.fr\/index.php?rest_route=%2Fwp%2Fv2%2Fmedia&parent=648"}],"curies":[{"name":"wp","href":"https:\/\/api.w.org\/{rel}","templated":true}]}}